{"id":514,"date":"2025-03-12T14:42:34","date_gmt":"2025-03-12T13:42:34","guid":{"rendered":"https:\/\/laser19.fr\/?post_type=product&#038;p=514"},"modified":"2025-03-12T14:47:51","modified_gmt":"2025-03-12T13:47:51","slug":"pancarte-porte-gamer-gaming-mode-activer-copie","status":"publish","type":"product","link":"https:\/\/laser19.fr\/index.php\/produit\/pancarte-porte-gamer-gaming-mode-activer-copie\/","title":{"rendered":"pancarte porte gamer : attends je fini ma partie"},"content":{"rendered":"<p>voici des plaques de porte sp\u00e9cial gamer \/ geek a installer sur la porte de la chambre ou de la salle de jeux , ou du bureau .<br \/>\nCes plaques de porte sont originales et uniques , fabriqu\u00e9 dans notre atelier en Corr\u00e8ze avec une machine laser.<br \/>\ndimension : 200 mm x 150 mm x 1.3 mm<br \/>\nCes plaques de porte sont en acrylique .<\/p>\n<p>Motif : attends je fini ma partie<\/p>\n<p>Made in France<\/p>\n<p>Si vous d\u00e9sirez une gravure sur toile personnalis\u00e9 avec un texte, un dessin ou une photo , n&#8217;h\u00e9sitez pas a nous contacter\u00a0 : Contact@laser19.fr<\/p>\n<p>&nbsp;<\/p>\n","protected":false},"excerpt":{"rendered":"<p>plaques de porte sp\u00e9cial gamer \/ geek a installer sur la porte de la chambre ou de la salle de jeux , ou du bureau .<\/p>\n<p>motif : attends je fini ma partie<\/p>\n","protected":false},"featured_media":517,"comment_status":"open","ping_status":"closed","template":"","meta":[],"product_brand":[],"product_cat":[267],"product_tag":[268,273,269,270,33,274,271,272],"class_list":{"0":"post-514","1":"product","2":"type-product","3":"status-publish","4":"has-post-thumbnail","6":"product_cat-pancartes-pour-portes","7":"product_tag-chambre","8":"product_tag-conole","9":"product_tag-gagmer","10":"product_tag-geek","11":"product_tag-gravure-laser","12":"product_tag-jeuxs","13":"product_tag-pancarte","14":"product_tag-panneau","16":"first","17":"instock","18":"shipping-taxable","19":"purchasable","20":"product-type-simple"},"jetpack_sharing_enabled":true,"_links":{"self":[{"href":"https:\/\/laser19.fr\/index.php\/wp-json\/wp\/v2\/product\/514","targetHints":{"allow":["GET"]}}],"collection":[{"href":"https:\/\/laser19.fr\/index.php\/wp-json\/wp\/v2\/product"}],"about":[{"href":"https:\/\/laser19.fr\/index.php\/wp-json\/wp\/v2\/types\/product"}],"replies":[{"embeddable":true,"href":"https:\/\/laser19.fr\/index.php\/wp-json\/wp\/v2\/comments?post=514"}],"wp:featuredmedia":[{"embeddable":true,"href":"https:\/\/laser19.fr\/index.php\/wp-json\/wp\/v2\/media\/517"}],"wp:attachment":[{"href":"https:\/\/laser19.fr\/index.php\/wp-json\/wp\/v2\/media?parent=514"}],"wp:term":[{"taxonomy":"product_brand","embeddable":true,"href":"https:\/\/laser19.fr\/index.php\/wp-json\/wp\/v2\/product_brand?post=514"},{"taxonomy":"product_cat","embeddable":true,"href":"https:\/\/laser19.fr\/index.php\/wp-json\/wp\/v2\/product_cat?post=514"},{"taxonomy":"product_tag","embeddable":true,"href":"https:\/\/laser19.fr\/index.php\/wp-json\/wp\/v2\/product_tag?post=514"}],"curies":[{"name":"wp","href":"https:\/\/api.w.org\/{rel}","templated":true}]}}